49 + 2484 = 3*d - 2*v. Let g = d - -5001. What is the hundreds digit of g?
7
Suppose -11*r - 213 = 227. Let s = r - -439. What is the units digit of s?
9
What is the thousands digit of (11 + (-242)/11)*-3337?
6
Let u(k) = 2*k**2 - 4. Suppose g = i + 5*g - 1, 0 = -i - 2*g - 1. Let q be u(i). Suppose 0 = 15*x - q*x - 108. What is the tens digit of x?
0
Suppose 153204 = 16*g - j, 15*j - 20*j = 5*g - 47855. What is the tens digit of g?
7
Let k(w) = 9*w**3 + 10*w**2 + 24*w + 9. Let j be k(-7). Let y = 4652 + j. What is the units digit of y?
6
Let d be (3297/(-6))/(9/36). Let p = d - -3085. What is the units digit of p?
7
Let l(b) = 10*b + 6. Let j(q) = 2*q - 50. Let r be j(18). Let g be l(r). What is the tens digit of (-2 - -1) + (-2 - g)?
3
Let g(f) = -1447*f**3 + 5*f**2 + 7*f - 1. What is the thousands digit of g(-1)?
1
Let a = 27617 + -19223. What is the thousands digit of a?
8
Let o be 1*(-4 + 63/3). Let i = o + 80. Suppose -3*v + 53 = -i. What is the units digit of v?
0
Let o(u) = u**3 + 16*u**2 + 4. Let g be o(-16). Suppose -2*b - 5*m + 18 = 2*b, 26 = g*b + m. Suppose -b - 82 = -l. What is the tens digit of l?
8
Let r(h) = -9675*h + 59. What is the thousands digit of r(-1)?
9
Let y be ((-294)/63)/((-2)/(-6)). Let q(p) = 5*p**2 + 60*p + 28. What is the tens digit of q(y)?
6
Let l(o) = -9 - 4*o + 3*o + 2*o**2 - o**2. Let t = 1913 + -1907. What is the units digit of l(t)?
1
Let s(y) = -y + 43. Let l be s(36). Let o(g) = 2*g**2 + 14*g - 102. What is the tens digit of o(l)?
9
Let q(l) = 3*l**3 + 33*l**2 + 19*l - 24. Let y be q(-10). Let a(j) = j**3 - 6*j**2 - j + 1. Let g be a(5). Let p = y + g. What is the units digit of p?
7
Let a(n) = 445*n**3 + 89*n**2 + n - 4. What is the tens digit of a(3)?
1
Suppose -109*c = -107*c - 396. Let a = 778 - c. What is the hundreds digit of a?
5
Let s(l) = 28 + 9 + 9712*l - 9692*l. Let b be s(-5). Let i = b + 94. What is the tens digit of i?
3
Let r = -116 - -761. Suppose 0 = 5*x + 5*w - r, -3*w = -3*x + 2*w + 403. Suppose -2*h - 61 = -x. What is the tens digit of h?
3
Let s(p) = p**3 + p**2 + p + 1. Let x(d) = 5*d**3 - 10*d**2 + 6*d + 15. Let y(u) = -6*s(u) + x(u). What is the units digit of y(-16)?
9
Suppose 328*i - 9017627 - 2544373 = 0. What is the thousands digit of i?
5
Let x = 6805 - 4346. What is the units digit of x?
9
Let f = 2958 + 11813. What is the hundreds digit of f?
7
Suppose -388*m + 337*m + 425085 = 0. What is the tens digit of m?
3
Let y = 236 - 137. Let q = 127 - y. What is the hundreds digit of ((-49)/q)/(1/(-80))?
1
Let s(k) = k**3 + 0*k**3 + k + 7 - 2*k**3 + k**2 + 3*k. Let g be s(4). What is the units digit of g/(-2)*(5/(-25) - -1)?
0
Let r = 8 - -1. Let p(o) = 5*o - 8. Let i be p(r). Let z = i + 45. What is the tens digit of z?
8
Let w = 194 - 236. What is the units digit of (-4178)/(-12) - (-7)/w?
8
Suppose 0 = 2*f - 5 + 1. Let c be (f + -4)*((-45)/(-10))/(-3). Suppose 2*w + 3*w + c*k - 283 = 0, -220 = -4*w - 4*k. What is the tens digit of w?
5
Let k = 39823 + -10192. What is the thousands digit of k?
9
Suppose 2*t - 243 = -249, 41351 = b + t. What is the tens digit of b?
5
Let p(j) = j**3 + j**2 - 76*j + 7745. What is the thousands digit of p(0)?
7
Suppose 12*z - 608355 - 15657 = 0. What is the hundreds digit of z?
0
Let r = -519 + 522. Suppose 4634 = 4*z + 2*h, -346 + 3789 = r*z - 5*h. What is the units digit of z?
6
Let n = 81 + -68. Suppose 4*q = j + n, 0 = j + 2 + 3. Suppose q*f + r - 50 = 6*r, 2*f - 2*r = 62. What is the tens digit of f?
3
Suppose -43*w + 47*w + 32 = 4*i, 3*w + 8 = i. Suppose -i*a - 33*a + 5740 = 0. What is the hundreds digit of a?
1
Suppose 142*m - 283*m + 148*m = 44044. What is the tens digit of m?
9
Suppose -3*u - 30 = 4*b, 0*u + u + 8 = -b. What is the units digit of (b - (-10)/2)*1569/(-3)?
3
Let i(v) = v**3 + 2*v**2. Let k(z) = -z**3 - 3*z**2 + z - 1. Let u(s) = -4*i(s) - 3*k(s). Let m be u(3). Let n = m + 61. What is the tens digit of n?
3
Let l(n) = n**2 - 24*n + 15177. What is the thousands digit of l(0)?
5
Suppose 4*s - 2641 = -3*m + 850, m - 5*s = 1132. What is the units digit of m?
7
What is the units digit of (-10724)/(-10) + 2160/100 + -22?
2
Suppose 2*z - 13 = -3*f - 5, 4*f = -3*z + 9. Suppose -6*u + f = -4*u. Suppose 0 = -w + 4*j + 133, -u*w + 6*j + 431 = 2*j. What is the tens digit of w?
4
Let m = -2 - 5. Suppose t - 16 = -3*t, 2*p = -4*t + 380. What is the units digit of p/((-12)/36 - m/3)?
1
Let u(i) = 3*i - 10. Let v = 69 + -65. Let x be u(v). Suppose 2*m + x*k = -m + 554, 4*k - 356 = -2*m. What is the hundreds digit of m?
1
Let v(m) = 66*m + 83 - 69*m - m. What is the units digit of v(0)?
3
Let j(h) = -10 + 4*h**3 - 6*h**3 + 10*h + 3*h**3 - h**2 - 6*h**2. Let n be j(6). Let b = 43 - n. What is the units digit of b?
9
Let h = 86 - -32. Let v = 125 + h. What is the hundreds digit of v?
2
What is the tens digit of (-136320)/(-9) + (-10)/6?
4
Let k(n) = -7 - 6*n + 0*n**2 + 599 + n**2 - 2*n. What is the units digit of k(0)?
2
Let h(f) = -11 - 2*f**2 + 3 - 22 + 2*f**2 + f**2 + 17*f. What is the units digit of h(-19)?
8
Let c = 45 - 67. Let j = c + 17. What is the units digit of 60*(18/j + 4)?
4
Let v(i) = -27*i - 328. Let z(w) = 14*w + 164. Let s(g) = 3*v(g) + 5*z(g). What is the tens digit of s(-27)?
3
Let s = 128 - 124. What is the tens digit of 453/2*s/(-15)*-5?
0
Suppose 0 = 5*r - 6*r - 159. Let h = -133 - r. What is the tens digit of h?
2
Suppose 933 = -10*h - 3417. Let u(b) = 68*b - 1. Let v be u(-4). Let t = v - h. What is the hundreds digit of t?
1
Suppose -9*f + 5*l = -5*f - 55, -5*f + 38 = 4*l. Let x(t) = -t**2 + 4*t - 9. Let p be x(f). Let j = p - -191. What is the units digit of j?
2
Let r = -31096 - -46207. What is the tens digit of r?
1
Let f = -817 - -817. Suppose 11*c - 16*c + 8770 = f. What is the tens digit of c?
5
Let f = -408 - -392. What is the tens digit of 0/(8 + f) - -89?
8
Suppose 3*p + 145854 = -13*s + 19*s, -2*p + 24294 = s. What is the thousands digit of s?
4
Let i(b) = 14077*b**2 + 383*b - 1. What is the hundreds digit of i(-2)?
5
Let y(w) be the first derivative of w**4/2 + w**3 - 5*w**2/2 - 2*w - 6. Let j be y(4). Let c = -84 + j. What is the tens digit of c?
7
Let w = 28497 + -11255. What is the units digit of w?
2
Let m(b) = 20*b - 141. Let a be m(7). What is the units digit of (a - 33/(-27)) + (-45272)/(-72)?
9
Suppose -22*p - 21*p = -67*p + 675840. What is the tens digit of p?
6
Let o = -1098 + 675. Let f = 732 + o. What is the units digit of f?
9
Let w(f) = 3635*f + 2036. What is the thousands digit of w(6)?
3
Let f = -11459 - -27074. What is the thousands digit of f?
5
Let d(l) = 2*l**2 + 2*l - 9. Suppose 32*t - 9 = 35*t. Let b be d(t). Suppose -4*o + 5*o - 181 = c, -945 = -5*o - b*c. What is the hundreds digit of o?
1
Let s be ((-6)/(-33) - 0) + (-81153)/33. Let o = -1189 - s. What is the units digit of o?
0
Suppose -6*p - 44 + 44 = 0. Suppose p = 5*q - 3862 - 783. What is the hundreds digit of q?
9
Let q = 491 + -222. Let l(u) = 189*u**3 - 2*u - 2. Let y be l(-1). Let z = y + q. What is the tens digit of z?
8
Let b(t) = -t**3 + 23*t**2 - t + 52. Let h be b(23). Suppose c + h - 111 = 0. What is the tens digit of c?
8
Let z(k) = 5*k - 61. Let w be z(13). Let u(v) = 2*v - 6*v + v + w + 1. What is the units digit of u(-9)?
2
Suppose 165*a + 313830 = 1717155. What is the hundreds digit of a?
5
Let m(i) = 96*i - 13. Suppose -14*q + 30 = q. What is the hundreds digit of m(q)?
1
Let n(p) = 85*p + 0*p + 52 + 3. What is the units digit of n(3)?
0
Let y = 12 - -38. Let p = y - 48. Suppose 4*j = 3*b + 17, 4*j + 13 = -p*b + 35. What is the units digit of j?
5
Let i = 520 - 235. Suppose 0 = 4*u - 5*c + 1303 - i, -c - 2 = 0. Let x = 369 + u. What is the tens digit of x?
1
Let x = 10333 + -3807. Suppose -x + 6 = -4*j. What is the thousands digit of j?
1
Let b = 35 - 21. Let a = 18 - b. Suppose a*c + 4*t - 85 = -25, -4*t - 30 = -5*c. What is the units digit of c?
0
Let v(n) = 28*n + 152. Let g = 160 - 142. What is the tens digit of v(g)?
5
Suppose -228003 + 691103 = 10*a. What is the ten thousands digit of a?
4
Let j = 243 + -222. What is the hundreds digit of j/((-4)/(676/(-3)))?
1
Suppose 3*h + 15 = 0, 3*o - 2*h - 2018 = 2*h. Let l(f) = -5*f**3 - 8*f**2 - 3*f + 5. Let g be l(-5). Let i = o - g. What is the hundreds digit 